. Give x(-6).
-27
Let v(a) = -2*a. Let p(g) = g. Let h(d) = -d**2 + 8*d - 29. Suppose 0 = 8*s - 3*s + 5. Let c(l) = s*h(l) - 3*p(l). Let q be c(7). Calculate v(q).
-2
Let w be 8/28*1 + (-38)/(-14). Suppose 2*z = -2*z + 16, 24 = -4*j - w*z. Let m(v) = 7*v - 5 + v + v**3 + 2*v**3 - 2*v**3 + 10*v**2. Determine m(j).
4
Let r(f) be the second derivative of f**3/6 + 11*f**2/2 - 204*f. Let q = 7 - 13. Determine r(q).
5
Let u(o) = o - 5. Let g(l) = -l. Let s(x) = -4*g(x) - u(x). Suppose -3*t = -6*t - r + 29, 1 = -r. Suppose -10 = t*j + 30. Determine s(j).
-7
Let g(v) be the first derivative of -v**4/12 + 7*v**3/3 - v**2/2 + 139*v - 107. Let l(i) be the second derivative of g(i). Calculate l(8).
-2
Let z(p) = -p**2 - 141*p + 1196. Let w be z(8). Let b(g) be the third derivative of -g**4/24 + 5*g**3/6 + 2*g**2. Calculate b(w).
1
Suppose 0 = -6*q - 3*r - 41 - 13, 2*q - 5*r = 30. Let l(d) = -32*d - 53. Calculate l(q).
107
Let b(z) = z + 0*z**3 - z**3 - 16 + 10*z**2 + 0*z**3. Suppose 4*x + 15 = 7*x, -2*x - 4*x + 20 = -u. Calculate b(u).
-6
Let a(h) be the first derivative of 111 - 160 - 22*h + 2*h**2 + 104. Determine a(7).
6
Let j(m) = -m**2 - 5*m. Let a(p) = 2*p**2 + 13*p + 16. Let l(s) = s**2 - 2*s - 12. Let q be l(4). Let z be a(q). Calculate j(z).
4
Suppose 3*t = 17 - 5, 2 = 3*v - t. Let g(y) = -8*y + 38*y**2 - 3 - 110*y**v + 36*y**2 + 37*y**2. Let i = -3 - -11. Calculate g(i).
-3
Let a(p) be the second derivative of 5*p**4/12 + 8*p**3/3 - 35*p**2/2 + 22*p + 219. Calculate a(2).
17
Let c(b) = -2*b**3 - 19*b**2 - 7*b + 20. Suppose 3*g + 202*w + 18 = g + 201*w, 0 = w. Give c(g).
2
Let r = 7926 - 7916. Let n(s) = 3*s**2 - 29*s + 8. Calculate n(r).
18
Let f(w) = 0*w + 0*w - w - 2. Let d be 4*(-6)/(-72)*25*3. Suppose 5*z - d = 5*c, 3*c - 1 = 5*z - 16. Determine f(c).
3
Let v be (-2)/12 + 345/18. Suppose -8*p = 3 - v. Let h(g) = 7*g - 5*g - g**p - 9 - 10*g. What is h(-7)?
-2
Let i(y) = -6*y**3 - 5*y**2. Let t(r) = 10*r**3 + 9*r**2 + r + 1. Let h(b) = 7*i(b) + 4*t(b). What is h(-2)?
16
Let i(f) = 50*f + 535*f**3 + 14 - 9*f**2 - 533*f**3 + 29*f**2 - 5*f. What is i(-7)?
-7
Let z be (-28)/6*9/(-6). Let w(m) = 24*m + 27. Let l(a) = -59 + 155 - 54 - 55 - 11*a. Let h(k) = 13*l(k) + 6*w(k). Determine h(z).
0
Let f(u) be the second derivative of 0 - 1/2*u**3 + 41*u + 7/2*u**2. What is f(-6)?
25
Let z(x) = -2*x + 3. Let t = -10 + 31. Let n = t + -24. Let u(a) = a - 3. Let w(y) = n*z(y) - 4*u(y). Calculate w(3).
9
Let w = -1965 - -1964. Let y(b) = -9*b**3 - 2*b**2 - b. What is y(w)?
8
Let d(a) = -a**3 - 11*a**2 + 17*a + 60. Suppose -3*g + 2527 = 2563. Calculate d(g).
0
Let w(h) = -h**2 + 9*h - 9. Let b = -75 - -34. Let c = 4847 + -4881. Let q = c - b. Calculate w(q).
5
Let h(i) = 5*i + 3. Let x be (-100)/(-60) - (-1 - 12/9). Suppose -5*a - 4*u + 4 = -4*a, 0 = -a - 2*u + x. Give h(a).
23
Suppose -208*u = 6*u - 2140. Let i(z) be the second derivative of -z**4/24 + z**3 - z**2 + z. Let l(b) be the first derivative of i(b). Calculate l(u).
-4
Let d(u) = -u**2 + 36*u + 26. Let h(n) = -1165*n + 8192. Let m be h(7). Give d(m).
-11
Suppose p - 5*p - 4*t - 12 = 0, 5*p - 4*t - 30 = 0. Let w(h) = 7*h**2 + 4 - 8*h**2 + h**p - 13*h + h**2. What is w(13)?
4
Let b(z) = -39192 - z + 19598 + 19594. Let w(a) = 12*a**3 + a**2. Let j be w(-1). Determine b(j).
11
Let z(b) = -b**2 - 16*b + 139. Let k be z(6). Suppose -4*v = 0, -k*v = -3*m - 3*v. Let q(n) = -n + 3. Determine q(m).
3
Let z be 44/110 - ((-46)/10 - -1). Suppose z*p + 8*p - 72 = 0. Let q(c) = 12*c**2 - 6*c**2 - 1 + c**3 + 0*c**2 + p*c. What is q(-5)?
-6
Let d(t) = -t**2 + 1. Let s(h) be the third derivative of -20*h**2 + 13/3*h**3 + 0 - 1/24*h**4 + 0*h. Let p be s(24). Calculate d(p).
-3
Let z(a) = 5*a**2 - 2*a**2 + 2 + a - 3 + 2*a**3. Let u(m) = -2*m**3 + 13*m**2 + 9*m - 16. Let p be u(7). Let s be p - (0 + 3 - 3). Determine z(s).
-7
Let c(a) = a + 1. Suppose -3*g - 10 = 5*d + 10, 0 = -2*g + 2*d + 8. Suppose -4*q - 1 + 17 = g. Let z be ((-6)/4)/(3/q). Determine c(z).
-1
Let u(x) = -14*x - 1. Let k(j) = 2*j**2 - 160*j + 2683. Let y be k(56). Calculate u(y).
69
Let p(g) = g**2 - 12*g. Suppose -m = 7 - 17. Suppose -2*w - 5*h = -m*h - 27, 3*w - 4*h = 30. Determine p(w).
-36
Let u(d) be the third derivative of -d**5/60 + 5*d**4/12 + d**3/3 + 29*d**2 - 2*d. Calculate u(10).
2
Let o(n) = 2*n**2 - 16*n - 43. Let q be 7 + (-50)/(-15) - 20/(-30). What is o(q)?
23
Let u(w) = -6*w**3 - w**2 + 2*w - 2. Suppose 0 = -f - t + 6, -2*f - 76*t + 75*t = -7. Calculate u(f).
-7
Let l(n) = -n**2 - 3*n + 1. Suppose 0 = s + 3*u - 2, 0 = s - u - u + 8. Let v be (3/(-12)*s - -1) + -4. What is l(v)?
3
Let o(z) = 33*z - 1922. Let j be o(58). Let s(k) = -2*k - 4*k**2 + 7 + 3*k**2 - 6*k. What is s(j)?
7
Let m be (-33 + 35)*((-12)/(-48) - 3/4). Let z(u) = 1 - 7*u - 2*u - 2*u. Determine z(m).
12
Let s(u) = -3*u**2 + 5*u + 5. Let n(z) = -9*z - z**2 - 9 - 14*z**2 + 21*z**2. Let o(k) = 4*n(k) + 7*s(k). Give o(-2).
13
Let a(t) = -5*t - 14. Suppose 16 = 2*m - 2*v, 2*v + 11 = -m + 10. Give a(m).
-39
Let r(f) = f**2 + 12*f - 25. Let g be r(-14). Let m be ((-1)/g)/(5/(-75)). Suppose 0 = -m*l, 3*q = 2*q + l - 8. Let n(z) = z + 4. What is n(q)?
-4
Suppose -2*f - 258 = -3*m + f, 5*m - 2*f = 421. Let t(y) = m*y**2 - 47*y**2 - 39*y**2 + 3*y**3 + 3*y. What is t(2)?
18
Let n = -52 - -54. Let j(v) = -10 + 40 - 26 - v**n + 4*v. Calculate j(6).
-8
Let q(h) = 20 - 62 + 26 + 22 - 4*h**2 - 5*h. What is q(3)?
-45
Let o(x) = -5*x + 2. Let s be (2 + (1 - 6))*160/48. Calculate o(s).
52
Suppose -2 = -3*q + 55. Suppose 10*n + 11 + q = 0. Let x(d) = -3*d**2 - 4*d - 1. Determine x(n).
-16
Let l(d) = 23*d**2 - 252*d - 21. Let a be l(11). Let r(o) = -o**3 - 11*o**2 - 12*o + 15. Give r(a).
35
Let q(f) = -f**2 - 783*f - 14518. Let c be q(-19). Let d = -4 - -6. Let p(w) = -d + 4 + 0 - 4*w. Give p(c).
10
Let m be -3 - (-25*2/20)/((-1)/14). Let p(c) = -c**3 - 37*c**2 + 37*c - 22. Give p(m).
16
Let x(w) = -12*w**2 - 18*w + 12. Let b(t) = 43*t**2 + 54*t - 37. Let n(y) = -2*b(y) - 7*x(y). Determine n(8).
6
Let v(z) = 4*z - 7. Suppose 4*x + 4*r = 48, 15*x = 13*x - 5*r + 30. Calculate v(x).
33
Let o(b) be the first derivative of b**3/3 + 9*b**2 + 19*b - 927. Calculate o(-17).
2
Suppose 0 = -4*s + s - 18. Let a(x) be the first derivative of -x**3/3 - 3*x**2 + 3027. Give a(s).
0
Let h(k) = k**3 - 9*k**2 - 23*k - 18. Let r be 515/309*132/20. What is h(r)?
-29
Let x(w) = -w - 1. Let j(d) = -d**2 + d + 4. Suppose 5*m - 1 = -6. Let v(b) = m*j(b) - 6*x(b). Give v(-3).
-4
Let x(m) be the first derivative of -m**4/12 - m**3/3 + 3*m**2/2 + 112*m - 84. Let u(h) be the first derivative of x(h). Determine u(-4).
-5
Let d(h) = -52*h + 159. Let z(v) = -136*v + 425. Let u(i) = -21*d(i) + 8*z(i). Give u(-12).
13
Let l(m) = -5*m**3 + m. Let y be l(-1). Suppose y*g = g. Let x(q) = -8 - 4*q**2 + g*q**2 + 5*q**2. Calculate x(0).
-8
Let r(b) = b**2 + 3*b - 4. Suppose -8 + 44 = 4*s. Suppose -s = z + 3*l, -2*z + 2*l + 18 = -l. Suppose -n - 4*n = 25, -z*n = 3*c + 30. Calculate r(c).
6
Let j(h) = h**3 + 18*h**2 - 2*h - 44. Let d = -17024 + 17006. Calculate j(d).
-8
Suppose 25 = -0*z + 2*z - 3*k, 2*k = 2*z - 20. Let x(b) = -6*b + z*b - b + b. Let g = -25 - -18. Give x(g).
7
Let f(n) = -38950 + 8*n + 77921 - 38956 - 4*n. Determine f(-2).
7
Suppose 1001 + 216 = 203*g - 1219. Let x(t) = 6*t - 111. Determine x(g).
-39
Let m(g) = 152*g + 172. Let a(t) = 94*t + 115. Let x(v) = 8*a(v) - 5*m(v). Calculate x(7).
4
Suppose -302 + 309 = 5*l - 3*u, 3*l + 3 = 3*u. Let o(r) = 4*r - 29. Determine o(l).
-9
Let v = -211 + 213. Let j(a) = -12*a - 8. Let l(k) = 15*k + 12. Let c(u) = 7*j(u) + 5*l(u). Give c(v).
-14
Suppose -26 = -2*n + 4*z, 2*n + 5*z + 12 = -7. Suppose x - 2*h + 22 = h, 2*x = -n*h + 1. Let a(v) = -v**2 - 7*v + 7. Give a(x).
7
Let q(i) = -i**2 - 5. Let p be (0 - 2/(-4))*92. Let n = p + -42. Determine q(n).
-21
Let q(k) = -5*k**2 - 487*k**3 + 4*k + k**2 + 249*k**3 + 239*k**3 - 6. Let r = -4 + 7. What is q(r)?
-3
Suppose 4*g - 7 = -3*h, 4*h - 4*g = 5*h + 3. Let s(b) = -2*b**3 + 12*b**2 - 6*b + 3. What is s(h)?
23
Let g(n) = 3*n**2 + 21*n - 16. Suppose 13*p = 9*p - 12. Let b(d) = -2*d**2 - 11*d + 8. Let r(u) = p*g(u) - 5*b(u). Let y = 9 - 3. Give r(y).
-4
Let x(a) = -18*a**3 + a**2 - 2*a + 1. Let i be (-5)/(-3) + -9*(-42)/(-567)